emainder when 1228309 is divided by 45481?
322
Calculate the remainder when 784996 is divided by 2089.
1621
What is the remainder when 85620 is divided by 16966?
790
Calculate the remainder when 4198 is divided by 202.
158
What is the remainder when 6316213 is divided by 513?
157
Calculate the remainder when 55185679 is divided by 862276.
15
Calculate the remainder when 11313 is divided by 5368.
577
What is the remainder when 144382 is divided by 467?
79
What is the remainder when 1063600 is divided by 132904?
368
Calculate the remainder when 12523976 is divided by 105.
101
What is the remainder when 6790009 is divided by 6789972?
37
Calculate the remainder when 9844259 is divided by 2994.
2981
Calculate the remainder when 3492895 is divided by 1746433.
29
What is the remainder when 153772 is divided by 30727?
137
Calculate the remainder when 121884 is divided by 780.
204
What is the remainder when 1424564 is divided by 409?
17
Calculate the remainder when 90166935 is divided by 1069.
1061
What is the remainder when 40143952 is divided by 228?
220
What is the remainder when 19256024 is divided by 685?
674
Calculate the remainder when 25559364 is divided by 4632.
4620
Calculate the remainder when 33034570 is divided by 195.
10
What is the remainder when 278404 is divided by 27831?
94
Calculate the remainder when 114424 is divided by 57204.
16
What is the remainder when 386768 is divided by 316?
300
Calculate the remainder when 327170 is divided by 40743.
1226
Calculate the remainder when 4606163 is divided by 629.
625
What is the remainder when 12110 is divided by 631?
121
Calculate the remainder when 22013229 is divided by 2066.
2065
What is the remainder when 958864 is divided by 2788?
2580
What is the remainder when 485664 is divided by 5649?
5499
What is the remainder when 621916 is divided by 4349?
9
What is the remainder when 40920629 is divided by 885?
884
What is the remainder when 145603 is divided by 2110?
13
Calculate the remainder when 117169953 is divided by 190.
183
What is the remainder when 45599 is divided by 380?
379
Calculate the remainder when 16339503 is divided by 692.
691
Calculate the remainder when 50858 is divided by 275.
258
Calculate the remainder when 32594 is divided by 297.
221
What is the remainder when 12507704 is divided by 2876?
2856
Calculate the remainder when 5988010 is divided by 907.
903
Calculate the remainder when 1143748 is divided by 40844.
116
What is the remainder when 119229152 is divided by 5986?
4
Calculate the remainder when 172145 is divided by 379.
79
What is the remainder when 6676655 is divided by 21?
20
Calculate the remainder when 19315 is divided by 961.
95
What is the remainder when 1482436 is divided by 741216?
4
What is the remainder when 5245226 is divided by 15?
11
Calculate the remainder when 93572 is divided by 204.
140
Calculate the remainder when 20903434 is divided by 10451716.
2
Calculate the remainder when 2516236 is divided by 39.
34
What is the remainder when 5924649 is divided by 5924625?
24
What is the remainder when 17252827 is divided by 982?
69
What is the remainder when 3042816 is divided by 25991?
1869
Calculate the remainder when 75903 is divided by 378.
303
What is the remainder when 330511261 is divided by 3703?
3699
Calculate the remainder when 153786933 is divided by 6959.
6951
Calculate the remainder when 2293350 is divided by 458670.
0
Calculate the remainder when 4810470 is divided by 1585.
1580
What is the remainder when 142484019 is divided by 6?
3
Calculate the remainder when 8509211 is divided by 218.
17
What is the remainder when 44173789 is divided by 17?
3
What is the remainder when 448502 is divided by 18681?
158
What is the remainder when 491446 is divided by 5015?
4991
Calculate the remainder when 318667 is divided by 58.
15
What is the remainder when 3923171 is divided by 24?
11
Calculate the remainder when 895298 is divided by 28880.
18
Calculate the remainder when 1070828 is divided by 540.
8
Calculate the remainder when 3961529 is divided by 1307.
12
Calculate the remainder when 565151 is divided by 4969.
3654
Calculate the remainder when 3253419 is divided by 4668.
4491
What is the remainder when 864466 is divided by 16624?
18
What is the remainder when 45499 is divided by 2282?
2141
Calculate the remainder when 110244 is divided by 4213.
706
What is the remainder when 349223 is divided by 4862?
4021
What is the remainder when 719409 is divided by 5450?
9
What is the remainder when 29953 is divided by 1801?
1137
Calculate the remainder when 6936 is divided by 991.
990
Calculate the remainder when 3333562 is divided by 3333481.
81
What is the remainder when 23980 is divided by 1685?
390
Calculate the remainder when 5608246 is divided by 1602.
1246
What is the remainder when 2011018 is divided by 31422?
10
Calculate the remainder when 230694 is divided by 9539.
1758
Calculate the remainder when 87440 is divided by 8744.
0
What is the remainder when 8789815 is divided by 31?
13
Calculate the remainder when 26059739 is divided by 35.
34
What is the remainder when 14292998 is divided by 7146495?
8
What is the remainder when 1532202 is divided by 1359?
609
Calculate the remainder when 9663481 is divided by 7895.
1
What is the remainder when 20513906 is divided by 202?
200
What is the remainder when 6080551 is divided by 3527?
3
What is the remainder when 8602 is divided by 4299?
4
Calculate the remainder when 87394 is divided by 5735.
1369
Calculate the remainder when 3192019 is divided by 6595.
39
Calculate the remainder when 53559 is divided by 26187.
1185
Calculate the remainder when 238659 is divided by 2189.
58
Calculate the remainder when 5559557 is divided by 19645.
22
What is the remainder when 2030764 is divided by 225639?
13
Calculate the remainder when 6193427 is divided by 5.
2
What is the remainder when 4316387 is divided by 107?
7
What is the remainder when 24426434 is divided by 6106608?
2
What is the remainder when 7386656 is divided by 9374?
9318
What is the remainder when 381975 is divided by 16?
7
What is the remainder when 67523853 is divided by 1810?
1803
What is the remainder when 79827 is divided by 4948?
659
Calculate the remainder when 73411 is divided by 1881.
52
Calculate the remainder when 20642704 is divided by 348.
40
What is the remainder when 44485844 is divided by 556073?
4
What is the remainder when 1458721 is divided by 291711?
166
Calculate the remainder when 456691 is divided by 357.
88
What is the remainder when 1475085 is divided by 1475058?
27
What is the remainder when 4407836 is divided by 629668?
160
Calculate the remainder when 84397 is divided by 44.
5
Calculate the remainder when 6464396 is divided by 3483.
3431
Calculate the remainder when 146679 is divided by 1162.
267
Calculate the remainder when 33956798 is divided by 608.
606
Calculate the remainder when 175775 is divided by 596.
551
What is the remainder when 861785 is divided by 499?
12
Calculate the remainder when 103690666 is divided by 1946.
2
Calculate the remainder when 12958 is divided by 11466.
1492
What is the remainder when 23829836 is divided by 378251?
23
What is the remainder when 5780815 is divided by 722564?
303
What is the remainder when 271526 is divided by 90501?
23
Calculate the remainder when 498863 is divided by 912.
911
Calculate the remainder when 48360441 is divided by 2911.
2909
Calculate the remainder when 338232 is divided by 4075.
7
What is the remainder when 24082 is divided by 7695?
997
Calculate the remainder when 1023869 is divided by 255905.
249
Calculate the remainder when 170054 is divided by 485.
304
Calculate the remainder when 12171456 is divided by 114825.
6
What is the remainder when 36945436 is divided by 560?
556
What is the remainder when 726 is divided by 241?
3
What is the remainder when 27459107 is divided by 4062?
4049
Calculate the remainder when 3461465 is divided by 37220.
5
What is the remainder when 2928086 is divided by 14214?
2
What is the remainder when 1347196 is divided by 16038?
4
What is the remainder when 17560 is divided by 548?
24
Calculate the remainder when 67360 is divided by 66671.
689
Calculate the remainder when 3420394 is divided by 1547.
1524
What is the remainder when 751488 